reatest common divisor of 16 and 22.
2
Calculate the highest common factor of 344 and 258.
86
Calculate the greatest common factor of 196 and 84.
28
What is the greatest common factor of 30 and 2685?
15
Calculate the greatest common factor of 158 and 4266.
158
Calculate the highest common divisor of 710 and 45.
5
Calculate the greatest common divisor of 66 and 286.
22
Calculate the highest common divisor of 1147 and 37.
37
Calculate the highest common factor of 86 and 52847.
43
What is the highest common factor of 23 and 1?
1
Calculate the greatest common factor of 96 and 400.
16
What is the greatest common divisor of 316 and 16?
4
Calculate the highest common divisor of 91 and 1547.
91
Calculate the highest common factor of 996 and 36.
12
Calculate the highest common divisor of 16 and 2264.
8
Calculate the highest common divisor of 1 and 1.
1
What is the highest common factor of 266 and 434?
14
What is the highest common divisor of 7 and 231?
7
Calculate the greatest common divisor of 14 and 1498.
14
Calculate the greatest common factor of 3741 and 43.
43
What is the greatest common divisor of 99 and 2772?
99
What is the highest common factor of 15 and 13605?
15
Calculate the highest common divisor of 3293 and 37.
37
What is the greatest common divisor of 42 and 406?
14
Calculate the greatest common divisor of 99 and 47091.
33
Calculate the greatest common divisor of 6 and 1227.
3
Calculate the greatest common factor of 2635 and 310.
155
What is the highest common divisor of 440 and 40?
40
Calculate the greatest common factor of 46 and 29417.
23
What is the greatest common divisor of 39 and 15?
3
What is the highest common factor of 16 and 128?
16
Calculate the greatest common divisor of 4 and 52.
4
Calculate the greatest common divisor of 1005 and 15.
15
Calculate the greatest common divisor of 60 and 16000.
20
What is the highest common divisor of 340 and 1462?
34
What is the greatest common factor of 174 and 6?
6
Calculate the greatest common divisor of 435 and 5916.
87
Calculate the highest common divisor of 4199 and 119.
17
What is the greatest common divisor of 1 and 4?
1
What is the greatest common divisor of 19 and 494?
19
What is the greatest common factor of 11843 and 195?
13
Calculate the highest common factor of 65 and 3445.
65
What is the greatest common factor of 5687 and 847?
121
What is the highest common factor of 91 and 26?
13
Calculate the greatest common divisor of 380 and 100.
20
What is the highest common divisor of 23 and 41?
1
What is the greatest common divisor of 88 and 748?
44
What is the greatest common divisor of 57 and 57?
57
What is the greatest common divisor of 1784 and 8?
8
What is the greatest common factor of 1480 and 1000?
40
What is the highest common divisor of 72 and 2848?
8
Calculate the highest common divisor of 3737 and 1111.
101
What is the highest common divisor of 5427 and 134?
67
Calculate the greatest common divisor of 798 and 912.
114
Calculate the highest common divisor of 915 and 45.
15
What is the highest common divisor of 9728 and 38?
38
Calculate the greatest common divisor of 4366 and 118.
118
What is the greatest common divisor of 52 and 403?
13
What is the greatest common divisor of 136 and 34?
34
What is the greatest common factor of 1250 and 150?
50
What is the greatest common divisor of 50 and 80?
10
What is the highest common factor of 7813 and 221?
13
What is the highest common divisor of 38 and 4?
2
Calculate the greatest common factor of 14 and 5180.
14
What is the highest common factor of 3435 and 450?
15
What is the greatest common factor of 54 and 384?
6
Calculate the greatest common factor of 108 and 2214.
54
What is the greatest common factor of 27 and 39?
3
What is the highest common factor of 3341 and 26?
13
Calculate the highest common divisor of 4037 and 143.
11
What is the greatest common factor of 95 and 760?
95
Calculate the highest common factor of 4 and 268.
4
What is the highest common factor of 24 and 1032?
24
What is the greatest common divisor of 552 and 24?
24
What is the greatest common divisor of 9 and 12?
3
Calculate the highest common divisor of 47 and 517.
47
Calculate the highest common divisor of 526 and 14991.
263
Calculate the highest common factor of 45 and 145.
5
What is the highest common factor of 3 and 159?
3
Calculate the greatest common divisor of 186 and 6.
6
Calculate the highest common factor of 63 and 2583.
63
What is the greatest common factor of 22 and 33?
11
Calculate the greatest common divisor of 1886 and 1066.
82
Calculate the greatest common factor of 6808 and 56.
8
What is the greatest common divisor of 550 and 66?
22
Calculate the greatest common divisor of 8763 and 207.
69
What is the greatest common factor of 33 and 363?
33
Calculate the highest common factor of 30 and 2235.
15
Calculate the highest common factor of 34 and 901.
17
Calculate the highest common factor of 532 and 112.
28
Calculate the highest common factor of 7825 and 25.
25
What is the greatest common factor of 5 and 23?
1
Calculate the highest common factor of 1144 and 264.
88
What is the greatest common divisor of 8 and 38?
2
What is the highest common factor of 3 and 13?
1
Calculate the highest common divisor of 1331 and 363.
121
Calculate the highest common divisor of 4095 and 21.
21
What is the highest common factor of 38 and 13889?
19
What is the highest common divisor of 8 and 1144?
8
Calculate the highest common divisor of 119 and 34.
17
Calculate the greatest common factor of 2025 and 486.
81
Calculate the highest common divisor of 286 and 297.
11
What is the highest common factor of 104 and 122?
2
What is the highest common factor of 17732 and 143?
143
What is the highest common factor of 23 and 483?
23
What is the greatest common divisor of 36 and 4068?
36
Calculate the greatest common factor of 650 and 100.
50
What is the greatest common factor of 58 and 22214?
58
Calculate the greatest common factor of 12 and 196.
4
What is the greatest common factor of 101 and 4?
1
What is the highest common divisor of 96 and 432?
48
What is the greatest common divisor of 35 and 455?
35
Calculate the greatest common divisor of 25 and 85375.
25
What is the greatest common factor of 52 and 2405?
13
What is the greatest common divisor of 2420 and 130?
10
Calculate the highest common factor of 12 and 170988.
12
Calculate the highest common divisor of 5 and 165.
5
What is the highest common divisor of 850 and 12?
2
What is the highest common factor of 475 and 95?
95
What is the highest common factor of 40 and 16?
8
Calculate the greatest common factor of 102 and 340.
34
Calculate the highest common factor of 2506 and 14.
14
What is the greatest common factor of 1666 and 34?
34
Calculate the greatest common divisor of 750 and 16650.
150
What is the greatest common divisor of 754 and 1222?
26
What is the greatest common factor of 323 and 136?
17
What is the greatest common divisor of 189 and 81?
27
What is the greatest common factor of 66 and 24?
6
What is the greatest common factor of 2538 and 216?
54
Calculate the greatest common factor of 26 and 52.
26
Calculate the greatest common divisor of 5 and 155.
5
What is the greatest common factor of 160 and 125?
5
What is the greatest common factor of 2510 and 170?
10
Calculate the greatest common divisor of 202 and 2.
2
Calculate the greatest common divisor of 38 and 874.
38
What is the highest common divisor of 360 and 2016?
72
Calculate the highest common factor of 8 and 1458.
2
What is the highest common factor of 5904 and 7011?
369
What is the greatest common factor of 24 and 33?
3
Calculate the greatest common factor of 4 and 2956.
4
What is the greatest common factor of 25 and 13?
1
What is the greatest common factor of 553 and 79?
79
Calculate the highest common factor of 27 and 1530.
9
What is the highest common divisor of 160 and 70?
10
What is the highest common divisor of 117 and 27?
9
What is the highest common factor of 325 and 50?
25
Calculate the greatest common factor of 49 and 1372.
49
What is the greatest common factor of 22 and 187?
11
Calculate the greatest common divisor of 78 and 1170.
78
Calculate the greatest common factor of 4 and 248.
4
What is the greatest common factor of 26 and 221?
13
What is t